prime factors of b.
2, 3
What are the prime factors of (1 + -3)/((-10)/195)?
3, 13
Let s = 0 + 3. Suppose -158 = -5*k - 3*f - f, -s*k + 2*f = -86. Suppose -2*v = -2*x, 10*v = 5*v - 5*x + k. List the prime factors of v.
3
Suppose 3*j = 8*j - 1775. What are the prime factors of j?
5, 71
Let k be (-1)/(0 + 2/(-4)). Let p be (-2)/(-4)*0 + k. Suppose p*x - 60 = -2*x. List the prime factors of x.
3, 5
What are the prime factors of 3 - ((-2 - -1) + -36)?
2, 5
Suppose -1 = 4*o - 13. Suppose 2*z = -2*z + 2*m + 52, 39 = o*z - 2*m. List the prime factors of z.
13
Let b(x) = 230*x + 3. List the prime factors of b(1).
233
Let a be 3/6 - 2/(-4). Suppose -4*f + 47 = -a. What are the prime factors of f?
2, 3
Let f(t) = -t**3 + 6 + 6*t**2 + 2*t**2 + 3*t - 11*t + 2. Let i be f(6). Let z = i + -16. List the prime factors of z.
2
Suppose -5*l - 172 = -3*h + 280, -762 = -5*h + 4*l. List the prime factors of h.
2, 7, 11
Suppose 4*b + 2*b = 222. What are the prime factors of b?
37
Let x(d) = -5*d**3 - 10*d**2 + 4*d. Let y(h) = -11*h**3 - 21*h**2 + 9*h - 1. Let q(v) = 9*x(v) - 4*y(v). What are the prime factors of q(-6)?
2
Suppose -7*d - 6 = 3*n - 3*d, -2*d - 8 = -n. Suppose 0 = n*l + 2*l - 48. What are the prime factors of l?
2, 3
Let l be -4*(-1 + (-8)/(-4)). What are the prime factors of (2 - l - 3) + 10?
13
Let c = 167 + -90. Suppose -5*n + 229 = m + c, n - 4*m - 22 = 0. What are the prime factors of n?
2, 3, 5
What are the prime factors of 21/14 + (-18)/(-4)?
2, 3
Suppose -a + l = -2*a + 4, 0 = -2*a - 4*l + 16. Let j be 0/(2/(-1 + a)). Suppose j = -4*s + 12, -f + 14 = s - 3. List the prime factors of f.
2, 7
Suppose -10*i - 228 = -12*i. List the prime factors of i.
2, 3, 19
List the prime factors of (56/6)/2*(-39)/(-2).
7, 13
Let h be 9*(3 - 13/3). Let w = -9 - h. Suppose -2*a = w*a - 15. List the prime factors of a.
3
Let l(d) = d - 1. Let s be l(-8). Let t = s - -17. What are the prime factors of t?
2
Suppose -y + 2*m = 6*m - 15, -2*y + 5*m = 22. Let h = 5 + y. Suppose 0 = -3*t + 4*q + 21, -h*t + 9 = t + 2*q. List the prime factors of t.
3
What are the prime factors of 4/((-52)/(-16) + -3)?
2
Let h(x) = x**3 - 9*x**2 + 2*x - 2. List the prime factors of h(9).
2
Let y = 0 - -45. What are the prime factors of y?
3, 5
Let k = 0 + 1. Let t(s) = -s + 1 + k + s**2 + 0*s**2. What are the prime factors of t(0)?
2
Let a = -22 + 78. List the prime factors of a.
2, 7
Suppose -8*o + 3*o = -3*w + 64, 0 = -5*o - 25. Let d(h) = -8*h + 7*h + w - 11*h + h**2. List the prime factors of d(11).
2
Suppose 2*w = -4*s - 2, 3*w = 2*s + 3*s - 58. Let q = -8 - w. Suppose 0*x = q*v + 3*x - 27, -5*v + 39 = 2*x. List the prime factors of v.
7
Suppose -15 = -j - 4*j. Let d(c) = -8 - 4 - c + 2 + j. What are the prime factors of d(-9)?
2
Let d(i) = 4 - 2 - 5 + 5*i + 2*i**2 - 3*i. What are the prime factors of d(-3)?
3
Suppose -18 = -5*k + 182. List the prime factors of k.
2, 5
Let h(i) = 3*i**3 + 4*i**2 - 2*i - 2. Suppose 3*l - 6 = -0*l. List the prime factors of h(l).
2, 17
Let q = 7 - 1. Suppose -u + q = 1. What are the prime factors of u?
5
List the prime factors of -1*(5 - 4)*-2.
2
Suppose 0 = 3*o + q - 13, 0 = -q + 4*q + 6. Suppose o - 3 = a. Suppose -a*z + 13 = -7. List the prime factors of z.
2, 5
Let v be 9/2*44/6. Let d be (-1)/(-2)*1*0. Suppose -3 = -q, 4*u + q + 2*q - v = d. What are the prime factors of u?
2, 3
What are the prime factors of (-47)/((1 - -1)/(-7 - -1))?
3, 47
Let b be (2 - (-10)/(-6))*15. Let h = 0 - -16. Suppose b*o + 2*g = h, o - 5*o - 4*g = -20. What are the prime factors of o?
2
Let v = -8 - -8. Suppose v = x - 5*z - 38, -5*x + 2*z + 66 = -9. Let q = 24 - x. List the prime factors of q.
11
Suppose n - 17 = -1. Let o = n - -15. List the prime factors of o.
31
Let u be (-2)/3 + (-3050)/15. Let m be (-2)/(-7) + u/(-21). Suppose -2*j = -m, 5*r + 3*j = -0*j + 55. What are the prime factors of r?
2
Suppose 0 = -s + 6 - 26. Let o = 14 + s. What are the prime factors of (-2)/o - (-87)/9?
2, 5
Suppose -i = 3*i + 4*z - 28, -3*i - 5*z = -31. Suppose i*q + 30 = 4*q. List the prime factors of q.
3, 5
Let p be (0 - -17)*(2 + -3). Let f = -3 - p. List the prime factors of f.
2, 7
Suppose 0 = 4*g - 0*g - 5*h - 28, -2 = g + h. Suppose 4*x - g*x = 30. Let t = -6 + x. What are the prime factors of t?
3
Let c be 2 + (-6)/1 - -6. Suppose 68 = c*o + 2*o. What are the prime factors of o?
17
Let r be (-90)/(-14) - 3/7. Suppose r = -2*h + 5*h. List the prime factors of h.
2
Let u(f) = f**2 + 1. Let o(m) = -m**3 - 2*m**2 - 4*m - 1. Let t(z) = -o(z) + 4*u(z). Let l be t(-5). Suppose l*n - 10 = 5*n. What are the prime factors of n?
2
Let v be (12 - 1) + 0/2. Let y = v + -7. Suppose y*i - 36 = 5*c, -i - 4*i - 4*c + 45 = 0. What are the prime factors of i?
3
Let k(a) = a + 6. Let i be 0 + 6*3/(-6). Let y be k(i). Suppose -3*q = -z + 22, 64 = z + y*z - 4*q. What are the prime factors of z?
13
Let n(h) = h + 11. Let o be n(-11). Suppose -i + 5 + 10 = 3*t, -2*i + 3*t + 30 = o. What are the prime factors of i?
3, 5
Suppose 3*r - 31 + 3 = 2*c, 3*r = -c + 13. Suppose -4*o + 98 = r. Suppose o = -4*m + 111. List the prime factors of m.
2, 11
Suppose 0 = 2*t + t - 15. Suppose -2*j - 3*j + 42 = -2*r, j - t*r = -10. What are the prime factors of j?
2, 5
Let p be (0 - -2)/((-6)/(-21)). Let a be -2*1 - 12/(-2). Suppose -a*l - 33 = -p*l. List the prime factors of l.
11
Let k = 6 + -3. Suppose -k*w = -8 - 16. Suppose -t = -f - w, t + t - 1 = -f. List the prime factors of t.
3
Let l = -5 - -8. Suppose -l*q + q = -60. List the prime factors of q.
2, 3, 5
Let p(k) = -88*k + 8. What are the prime factors of p(-1)?
2, 3
Let s = 68 + -15. List the prime factors of s.
53
Suppose 0 = -2*b + 3*o + 52, -2*b + 35 + 17 = -2*o. What are the prime factors of b?
2, 13
Suppose 2 = -b - 0. Let h(x) = -6*x. List the prime factors of h(b).
2, 3
Suppose 5*j = j - 20. Let y = 3 + j. What are the prime factors of -1 - (1 + -4) - y?
2
What are the prime factors of (-124)/(-12) + (-2)/(-3)?
11
Let c(d) = d**3 + 2*d**2 - 3*d + 4. Let q = 6 - 9. What are the prime factors of c(q)?
2
What are the prime factors of 33/5 - (-4)/10?
7
Let k(g) = 2*g - 1. List the prime factors of k(5).
3
Let u = -16 + 14. Let g = 16 - u. What are the prime factors of g?
2, 3
Let n = 31 - 8. What are the prime factors of n?
23
Let q be (-3)/(-1)*6/9. Suppose q*r + 6 = -4*t + 5*t, -6 = 2*r - 5*t. What are the prime factors of 6/(-9) + (-26)/r?
2
Suppose -3*l = -3*j + 471, -7*j - 2*l = -3*j - 658. List the prime factors of j.
2, 3
Let l(k) = 37*k + 12. List the prime factors of l(3).
3, 41
Let y = 174 + -94. What are the prime factors of y?
2, 5
Suppose -217 = 92*f - 93*f. List the prime factors of f.
7, 31
Let v be (-72)/33 + 8/44. List the prime factors of 6/(0/2 - v).
3
Suppose 3*p - 7*p - 112 = 0. Let f be (-5 - -1)*(-77)/p. List the prime factors of f*(2 + -1)*-1.
11
Suppose 3 = 3*f - 18. Let a be 30/f + (-6)/21. Suppose 4*c + 0*i + 3*i = 28, -3*c - a*i + 21 = 0. List the prime factors of c.
7
What are the prime factors of ((-4)/6)/((-20)/5490)?
3, 61
Let n = 3 + 0. Suppose 4*x = 2*z + 4, -z + 2*z = -3*x + n. Let r = z + 6. What are the prime factors of r?
2, 3
Suppose 14*z - 17*z = -621. What are the prime factors of z?
3, 23
Suppose -6*d + 4 = -4*d. What are the prime factors of (14/(-2))/(d + -3)?
7
Suppose 2*f - 200 = 4*c, 0 = 4*f + 2*c - c - 400. Suppose 0*h - 4*h + f = 0. What are the prime factors of h?
5
Suppose 2*h = -h. Suppose -3*q + 25 + 2 = h. Suppose -2*p + p = -q. What are the prime factors of p?
3
Let l be 94/18 + (-12)/54. Suppose 2*g + 3*g = 5, -l*f + 5*g + 160 = 0. What are the prime factors of f?
3, 11
Let u(c) = -c**3 - 2*c**2 - c - 1. Suppose -o + d = 5 + 3, 3*o + 3*d = 6. List the prime factors of u(o).
11
List the prime factors of (-1 + (-176)/(-3))*(6 - 3).
173
Let f(n) = -2*n + 20. Suppose 22 = 4*b + 66. What are the prime factors of f(b)?
2, 3, 7
Suppose i = -i - 2. Let s be i/3 + (-48)/(-9). Let w = 10 - s. List the prime factors of w.
5
Suppose 2*t + 60 = 5*t. What are the prime factors of t?
2, 5
Let g = -7 - -39. What are the prime factors of 2/(-4) + 528/g?
2
Suppose 0 = -4*c - 0*l + l + 114, -3*c = 2*l - 80. Suppose c = -4*q - 3*u + u, -5*q + 5*u - 5 = 0. List the prime factors of (-58)/q + 4/10.
2, 3
Let w = -8 